s 1728536 a multiple of 129?
False
Does 85 divide 719524?
False
Is 135 a factor of 464400?
True
Is 263 a factor of 192253?
True
Is 122 a factor of 91328?
False
Is 73 a factor of 16201?
False
Is 12155 even?
False
Is 612315 a multiple of 33?
True
Is 494676 a multiple of 334?
False
Does 189 divide 33075?
True
Is 218 a factor of 461796?
False
Does 198 divide 690426?
True
Is 60973 a multiple of 241?
True
Is 1968609 a multiple of 16?
False
Is 2996640 a multiple of 18?
True
Does 172 divide 1816492?
True
Is 2360900 a multiple of 4?
True
Does 250 divide 35095?
False
Does 169 divide 202329?
False
Is 128 a factor of 3136768?
True
Is 14261183 a multiple of 215?
False
Is 211 a factor of 354269?
True
Does 299 divide 487968?
True
Does 36 divide 551713?
False
Is 3 a factor of 17805?
True
Does 18 divide 1591082?
False
Is 1429652 a multiple of 1040?
False
Is 34 a factor of 10378568?
True
Is 548488 a multiple of 185?
False
Is 103436 a multiple of 41?
False
Is 368 a factor of 260188?
False
Is 413136 a multiple of 18?
True
Does 64 divide 53559?
False
Is 2 a factor of 8266?
True
Is 942 a factor of 13558613?
False
Is 17 a factor of 120111?
False
Is 1178 a factor of 1691608?
True
Is 2761428 a multiple of 21?
False
Is 10 a factor of 33456?
False
Is 265156 a multiple of 151?
True
Is 455552 a multiple of 64?
True
Does 351 divide 193359?
False
Is 2841 a multiple of 28?
False
Is 8846061 a multiple of 16?
False
Is 43 a factor of 5692617?
False
Is 19 a factor of 838103?
False
Does 16 divide 1997520?
True
Does 5 divide 26737?
False
Is 3942714 a multiple of 17?
False
Is 191 a factor of 264948?
False
Is 33 a factor of 1517327?
False
Does 233 divide 486404?
False
Is 20 a factor of 2933800?
True
Does 11 divide 955620?
False
Is 242160 a multiple of 8?
True
Is 1049669 a multiple of 1644?
False
Is 267 a factor of 824229?
True
Is 13 a factor of 815802?
True
Is 401 a factor of 1498136?
True
Is 13304313 a multiple of 57?
True
Does 130 divide 13248861?
False
Is 77287 a multiple of 58?
False
Does 10 divide 13530650?
True
Is 79 a factor of 10382654?
True
Is 457223 a multiple of 4?
False
Is 2874793 a multiple of 417?
False
Is 486835 a multiple of 120?
False
Is 716724 a multiple of 774?
True
Does 29 divide 490713?
False
Does 12 divide 110327?
False
Does 263 divide 14202?
True
Is 6 a factor of 191687?
False
Is 17 a factor of 1771842?
True
Does 162 divide 651811?
False
Does 59 divide 4011639?
False
Does 15 divide 161295?
True
Does 81 divide 1842657?
False
Does 12 divide 2740224?
True
Is 627 a factor of 1638434?
False
Does 141 divide 206424?
True
Is 297660 a multiple of 41?
True
Is 794667 a multiple of 127?
False
Does 311 divide 2787493?
True
Is 689872 a multiple of 16?
True
Does 20 divide 39835?
False
Is 1543392 a multiple of 24?
True
Does 33 divide 4060287?
True
Does 78 divide 131430?
True
Is 14 a factor of 74788?
True
Is 771 a factor of 317652?
True
Does 75 divide 8821425?
True
Is 2503158 a multiple of 42?
True
Does 866 divide 4337794?
True
Does 16 divide 7154734?
False
Is 201300 a multiple of 3?
True
Does 63 divide 3066966?
True
Does 5 divide 324774?
False
Does 86 divide 39388?
True
Does 347 divide 12376889?
False
Is 1339261 a multiple of 32?
False
Is 3 a factor of 925468?
False
Does 8 divide 432?
True
Does 189 divide 3858435?
True
Does 44 divide 5500?
True
Does 33 divide 6100391?
False
Is 3458 a multiple of 266?
True
Is 2966424 a multiple of 23?
False
Is 1638735 a multiple of 15?
True
Does 30 divide 558382?
False
Is 149 a factor of 2417760?
False
Is 46290 a multiple of 30?
True
Is 204368 a multiple of 23?
False
Does 6 divide 363352?
False
Does 12 divide 341134?
False
Is 233 a factor of 1093702?
True
Is 2600820 a multiple of 60?
True
Is 371 a factor of 3717049?
True
Is 380 a factor of 1967260?
True
Is 851 a factor of 1191428?
False
Is 556 a factor of 49484?
True
Does 7 divide 4151952?
True
Does 19 divide 29228?
False
Does 301 divide 38227?
True
Is 145 a factor of 1705055?
True
Does 34 divide 4476066?
True
Is 17 a factor of 17901?
True
Is 1301 a factor of 1397942?
False
Is 19 a factor of 814625?
True
Is 182685 a multiple of 7?
False
Does 354 divide 676494?
True
Is 47 a factor of 119052?
False
Is 20 a factor of 54320?
True
Is 5 a factor of 1532757?
False
Is 34020 a multiple of 189?
True
Is 1509731 a multiple of 5?
False
Is 69 a factor of 27738?
True
Is 9 a factor of 1682730?
True
Does 17 divide 1785?
True
Is 10 a factor of 1991580?
True
Is 4 a factor of 38257?
False
Is 120 a factor of 351840?
True
Does 1408 divide 3015683?
False
Is 656001 a multiple of 7?
False
Is 19 a factor of 3523087?
False
Does 58 divide 229216?
True
Does 12 divide 6372768?
True
Does 3 divide 143151?
True
Is 17924678 a multiple of 68?
False
Is 13 a factor of 5877782?
False
Is 191820 a multiple of 15?
True
Does 374 divide 362406?
True
Does 12 divide 403776?
True
Does 334 divide 977952?
True
Is 1545005 a multiple of 385?
True
Is 163 a factor of 279219?
True
Does 51 divide 778974?
True
Is 92 a factor of 750076?
True
Does 2080 divide 14087846?
False
Is 414 a factor of 1729278?
True
Does 13 divide 404625?
True
Is 5 a factor of 25804?
False
Is 39 a factor of 126100?
False
Is 24 a factor of 2084519?
False
Is 12 a factor of 18660?
True
Does 16 divide 4717840?
True
Is 2122424 a multiple of 44?
False
Is 480240 a multiple of 116?
True
Is 4 a factor of 70244?
True
Does 4 divide 133320?
True
Does 35 divide 334159?
False
Is 29 a factor of 328309?
True
Is 45 a factor of 306662?
False
Does 77 divide 43120?
True
Does 178 divide 438779?
False
Is 130 a factor of 4279808?
False
Does 14 divide 12097169?
False
Is 205494 a multiple of 87?
True
Is 220 a factor of 16139096?
False
Is 121 a factor of 16222247?
False
Is 1176 a factor of 11149656?
True
Is 10 a factor of 14876980?
True
Does 494 divide 4039438?
True
Does 82 divide 156866?
True
Is 24 a factor of 1558488?
True
Is 439 a factor of 120647?
False
Does 41 divide 234301?
False
Is 110 a factor of 1549378?
False
Is 740656 a multiple of 952?
True
Is 587893 a multiple of 37?
True
Is 242631 a multiple of 19?
False
Is 7961655 a multiple of 15?
True
Is 9 a factor of 16610742?
True
Is 3803814 a multiple of 783?
True
Is 187861 a multiple of 24?
False
Is 68 a factor of 1394340?
True
Does 81 divide 993107?
False
Is 127534 a multiple of 374?
True
Does 190 divide 2612500?
True
Is 448 a factor of 8124759?
False
Is 2409963 a multiple of 47?
False
Does 15 divide 821100?
True
Is 30137 a multiple of 21?
False
Is 130 a factor of 74310?
False
Does 8 divide 2935208?
True
Is 33 a factor of 4712?
False
Is 87 a factor of 536529?
True
Does 10 divide 6479140?
True
Does 146 divide 17640742?
True
Is 23032 a multiple of 92?
False
Is 8187024 a multiple of 1128?
True
Is 35 a factor of 61145?
True
Is 260952 a multiple of 89?
False
Does 18 divide 122404?
False
Does 2 divide 597709?
False
Does 24 divide 11215584?
True
Is 15 a factor of 18209?
False
Is 30 a factor of 74008?
False
Does 19 divide 208618?
False
Is 2825442 a multiple of 66?
False
Is 187 a factor of 549406?
True
Does 29 divide 1104395?
False
Is 142968 a multiple of 42?
True
Is 561 a factor of 4311285?
True
Is 7944900 a multiple of 373?
True
Is 8 a factor of 533616?
True
Is 127328 a multiple of 32?
True
Is 5 a factor of 11899?
False
Is 3 a factor of 2039430?
True
Is 1554163 a multiple of 13?
True
Is 43188 a multiple of 118?
True
Is 398 a factor of 1091673?
False
Is 2017938 a multiple of 26?
True
Is 81 a factor of 853011?
True
Is 374646 a multiple of 36?
False
Does 43 divide 345763?
True
Does 24 divide 162949?
False
Is 90 a factor of 142304?
False
Does 13 divide 591097?
True
Is 5519930 a multiple of 26?
True
Is 7935424 a multiple of 12?
False
Does 4 divide 334513?
False
Is 874294 a multiple of 47?
True
Does 39 divide 64146?
False
Does 540 divide 1121040?
True
Does 718 divide 618916?
True
Does 26 divide 397748?
True
Does 72 divide 170540?
False
Does 1620 divide 9453892?
False
Is 87 a factor of 3861321?
True
Is 286 a factor of 774809?
False
Does 5 divide 496651?
False
Is 71863 a multiple of 11?
True
Does 3 divide 30884?
False
Is 16 a factor of 124560?
True
Is 152 a factor of 1703008?
True
Is 169 a factor of 530891?
False
Does 81 divide 14612617?
False
Is 3390202 a multiple of 143?
False
Is 21 a factor of 240135?
True
Is 2075753 a multiple of 16?
False
Is 1576561 